- j. What is the highest common factor of f and 10?
10
Let t(z) = z + 4. Let f be t(-2). Let k(q) = q**3 - 9*q**2 + 11*q + 6. Let u be k(7). Let r be (-3)/f*200/u. Calculate the highest common factor of r and 60.
20
Let u be 6*(-3 - (-728)/(-16)). Let d = u - -317. What is the greatest common divisor of d and 234?
26
Let w be 5/(-1*(-5)/(-815)). Let t = w + 837. Calculate the greatest common factor of 55 and t.
11
Suppose 7*g - 3*g = -3*z + 10, -g + 10 = -3*z. Suppose g*t - 15 = t. Suppose 81 = 4*p - v, -4*p + 5*p - 4*v = 24. What is the highest common factor of p and t?
5
Let r(b) = -b**2 + 112*b - 437. Let o be r(80). Calculate the highest common divisor of o and 1351.
193
Suppose -2*z = 4*x + 1313 - 6277, -3*z - 4*x = -7450. Suppose -30*c + z = 536. Let j be -4*13/4*-1. What is the greatest common divisor of j and c?
13
Let p(q) = -q + 28. Let y be p(19). Suppose 2*g = -3*g + 10. Suppose 28 = -g*s + y*s. Calculate the greatest common divisor of 2 and s.
2
Let t(q) = q**3 + 3*q**2 - 67*q + 299. Let v be t(7). Calculate the greatest common divisor of 50 and v.
10
Suppose x = -k + 9 + 2, -3*x + 33 = -4*k. Let a be (-2 - -1)*7/(-6)*-6. Let w be 0 - (0 + -86 + 5 + a). Calculate the highest common divisor of w and x.
11
Let b = -32 + 36. Suppose -b*m - 3*m = -35. Suppose 3*l + 4*z = -z + 85, -m*l - z = -105. Calculate the highest common divisor of 12 and l.
4
Let m(k) = k**2 + 25*k + 173. Let y be m(-13). Suppose y*q - 75 = -7. Let l = 17 + 11. Calculate the highest common divisor of l and q.
4
Let k be 642*(11/(-2) - (-48)/8). Let r = 996 - k. What is the greatest common factor of r and 27?
27
Let o(t) = -t**3 + 2*t**2 + 4*t. Let c be o(-3). Let b = c - 18. Suppose -i = -n + 2*i + 6, -n + 4 = -i. What is the highest common factor of b and n?
3
Let j = -379 - -1125. Let x = j - 215. Calculate the greatest common factor of x and 59.
59
Suppose -3*s + 15 = 2*b, 3*b - 3*s - 24 = -8*s. Suppose -647 = -b*i + 5*o - o, -o = i - 225. What is the greatest common divisor of i and 13?
13
Let f(b) = -b**2 - 4*b + 1340. Let k be f(34). Let a(v) = v + 7 + 2*v - 1 - 4*v. Let h be a(0). What is the highest common factor of h and k?
6
Let q = 4945 - 4928. Calculate the greatest common divisor of q and 2873.
17
Let b(y) = 8*y + 180. Let i be b(-20). Let h be (11 + (-1027)/65)/((-6)/i). What is the highest common divisor of 216 and h?
8
Let s(u) = -3*u + 4857. Let n be s(0). Suppose -1241 = 4*a - n. Suppose a + 636 = 10*x. Calculate the highest common factor of 22 and x.
22
Let b(c) = 16*c - 3. Let d be b(1). Suppose -58 + 175 = d*k. Let s be 27 + 6 - 3/(-1). Calculate the highest common factor of s and k.
9
Let z be (-1)/(-5)*(-5 - 0). Let s be (z - 0) + 4 + (-24)/(-6). What is the greatest common divisor of 56 and s?
7
Let o be (-2)/(-8) + 32 + 71093/92. What is the highest common factor of o and 2300?
115
Suppose -234*k = -1948 - 15953 - 3627. Calculate the highest common factor of k and 1978.
46
Let a(l) = 75*l - 562. Let b be a(8). What is the highest common factor of 50 and b?
2
Let z = 495 + -478. Let c be 0 - -1*(3 + -1). Let h be c/3 + 6149/33. What is the highest common divisor of z and h?
17
Let n be -7 + 12/4 + (-332)/(-1). Suppose 2*c = 5*h + 400, -3*c + n + 226 = 4*h. Calculate the greatest common factor of c and 10.
10
Let v(k) = -391*k. Let s be v(-1). Suppose -2*u = 2*p - 72, 148*u - 146*u - 210 = -5*p. Calculate the greatest common factor of s and p.
23
Suppose -s = -4*s + l + 104, l + 5 = 0. Suppose s*n + 1904 = 50*n. What is the highest common factor of n and 14?
14
Suppose -3*w + 101 = -3*y - 1, -2*y - 100 = -3*w. Let x(k) = -k**3 + 5*k**2 - k - 2. Let z be x(2). What is the highest common divisor of w and z?
8
Let q be 2/(-9) + (-42700)/(-18). Suppose 0 = 394*c - 396*c + 1576. Suppose 6*f + c = q. What is the greatest common divisor of 24 and f?
24
Suppose 35 = -0*h + 5*h. Let z = -167 + 267. Suppose -4*n - 3*o = -3*n - 50, z = 3*n - o. What is the highest common divisor of h and n?
7
Suppose -2*y = -9*y - 392. Let h be (-14)/y + 594/(-8). Let u = h + 85. Calculate the highest common divisor of 187 and u.
11
Let d be ((-3)/6)/(2836/(-1416) + 2). What is the highest common factor of 15 and d?
3
Let t = 699 - -12. Suppose 4*u - 213 = t. Calculate the greatest common factor of u and 22.
11
Let k(j) = j**2 - 6*j - 27. Let l be k(15). Let t be (l - 2)/(22/11). What is the greatest common factor of 265 and t?
53
Suppose 4*o - 15 = 1. Let z be (-4 + o/2)/((-18)/99). Suppose 0 = q + 5*u + z, 2*q - 13 = q + 3*u. Calculate the greatest common factor of q and 64.
4
Let i be ((-15170)/1435)/(2/(-119)). What is the greatest common factor of 68 and i?
17
Let b(f) = 8*f - 104. Let z be b(11). Let k be 4/(z/(-14))*10. Calculate the greatest common divisor of 14 and k.
7
Suppose -2*h - 1125 = 3*h + 5*p, 2*h - 4*p = -420. Let c = 263 + h. What is the greatest common divisor of c and 43?
43
Suppose 0 = -3*r - 2*r + 75. Let c(t) = t**3 + 12*t**2 + 22*t + 29. Suppose 2*d - 12*d - 70 = 0. Let p be c(d). Calculate the highest common divisor of r and p.
15
Let n = 13639 + -8493. Calculate the highest common factor of 62 and n.
62
Let h be ((-6)/(-27) - 63/(-81)) + 54. Let f be 484*8/96*(-3)/(-1). What is the greatest common divisor of h and f?
11
Let s be (218/(-654))/((-1)/30). What is the highest common divisor of s and 315?
5
Let m(n) = -211*n - 1453. Let q be m(-7). What is the greatest common factor of q and 1008?
24
Let o(c) be the second derivative of 1/12*c**4 + 0 + 2*c**2 - 4*c - 2*c**3. Let b be o(13). Calculate the greatest common divisor of b and 187.
17
Let d(c) = c**3 - 9*c**2 + 27*c + 239. Let l be d(18). Calculate the greatest common factor of l and 33.
11
Let r(n) = 5*n - 1. Let x be r(1). Suppose -297*d = -291*d - 30. Suppose -12 = -x*j, 10*h - 103 = 6*h - d*j. Calculate the highest common factor of h and 198.
22
Let y = 834 + -428. Suppose -19*r = 10*r - y. Let n(x) = 7*x - 7. Let h be n(7). What is the highest common factor of r and h?
14
Suppose -p - 4*p = -1200. Suppose 7*n - 2*n - p = 0. Suppose 14*t - 317 = -93. What is the highest common divisor of t and n?
16
Let u(b) = b**3 - 16*b**2 + 12*b + 47. Let n be u(15). Suppose -4*p + 82 = n*i, 5*p - 10*p = -i - 113. What is the greatest common factor of 4 and p?
2
Suppose 0 = 5*k - 135 + 35. Suppose -4*v + 191 = -49. Suppose -55*x - 50 = -v*x. What is the highest common factor of x and k?
10
Let j be 123734/20 - -1 - (-11877)/39590. What is the highest common divisor of j and 340?
68
Let m = -1257 + 2026. Suppose 5*d - 1025 = 2*v, -3*v - m + 145 = -3*d. Calculate the greatest common divisor of 87 and d.
29
Let w = -17 + 21. Suppose -7 = -f + w. Suppose -h + 29 = 3*a - 2*a, -5*a - 86 = -2*h. What is the greatest common factor of f and h?
11
Let m(l) = -l**3 - 12*l**2 + 130*l + 1725. Let t be m(-14). Calculate the greatest common factor of t and 837.
27
Let f(w) = 8*w**2 - 5*w + 22. Let m = 3 + -9. Let z be f(m). Let n(g) = 6*g - 2. Let k be n(6). Calculate the greatest common divisor of z and k.
34
Let r(j) = 2*j**3 - 7*j**2 + 11*j + 4. Let p be r(3). Let a be 1 - 1044/14 - (-16)/p. Let n = 81 + a. What is the highest common factor of 32 and n?
8
Let x = -235 + 330. Suppose 3*p + 57 = 3*o, 0 = -5*o - 3*p + 5*p + x. What is the highest common divisor of 551 and o?
19
Suppose -3*r - 3*k = -k + 23, 3*r + 5*k = -26. Let t be (-8)/3*273/r. What is the highest common factor of t and 8?
8
Let f(s) = 3*s**2 + 331*s - 848. Let c be f(-113). What is the highest common divisor of c and 4228?
28
Suppose -62*y - 4*u = -58*y - 68, 99 = 5*y + 3*u. Calculate the highest common divisor of 5656 and y.
8
Let n be (6 - 9)/(69/(-4048)). Calculate the greatest common factor of 1012 and n.
44
Suppose -64*s + 63*s - 598 = -b, 3*b + 3*s - 1824 = 0. What is the greatest common factor of b and 1407?
201
Suppose 35*r - 2978 + 1512 + 836 = 0. Calculate the highest common divisor of 8145 and r.
9
Let k(n) = n**3 - 2*n - 1. Let o be k(-1). Suppose -222 = -p - 2*p - l, o = -3*l - 9. Suppose -19 = -u - 4. What is the greatest common divisor of p and u?
15
Suppose 3*n + 2*f = 185, n = 5*n + f - 240. Suppose n = 3*p - 2*s, 3*p = -4*s + 5*s + 55. Let k = 328 - 209. Calculate the greatest common factor of p and k.
17
Let n be 336